531
What is 1130013 (base 4) in base 9?
8070
Convert 1244 (base 7) to base 3.
122112
Convert -35671 (base 8) to base 3.
-202222021
Convert -21202211 (base 3) to base 4.
-1120201
What is 776 (base 8) in base 15?
240
What is -a3 (base 15) in base 9?
-180
What is -5d68 (base 14) in base 4?
-3333220
5910 (base 10) to base 15
1b40
What is -766 (base 8) in base 16?
-1f6
-2204 (base 5) to base 8
-460
What is -325 (base 6) in base 3?
-11122
What is 6542 (base 7) in base 3?
10012102
Convert 134770 (base 8) to base 7.
255541
350 (base 9) to base 14
168
-10100001010011 (base 2) to base 10
-10323
-2636 (base 8) to base 6
-10354
100111110011 (base 2) to base 9
3440
-78 (base 10) to base 2
-1001110
Convert -2c0b (base 13) to base 15.
-1d8d
Convert 1044 (base 7) to base 12.
273
What is 45a4 (base 12) in base 6?
55524
278a (base 14) to base 6
52154
What is 1112 (base 4) in base 2?
1010110
What is -443513 (base 6) in base 8?
-110405
Convert 56201 (base 9) to base 13.
13cc6
What is -b68 (base 14) in base 15?
-9ed
c91 (base 16) to base 11
2465
-10010111000100 (base 2) to base 12
-5718
Convert 11773 (base 8) to base 7.
20625
-36461 (base 9) to base 2
-101111101110100
11145 (base 10) to base 3
120021210
What is -3577 (base 9) in base 2?
-101001100110
-1111000001 (base 2) to base 10
-961
What is -101010010111 (base 2) in base 6?
-20315
6602 (base 13) to base 5
423243
110110101010001 (base 2) to base 16
6d51
What is -146 (base 15) in base 6?
-1203
Convert -aa3e (base 15) to base 11.
-25101
Convert 3915 (base 10) to base 12.
2323
What is 412413 (base 5) in base 11?
a148
Convert -784 (base 10) to base 15.
-374
What is 169c (base 14) in base 13?
1b02
What is 21333 (base 5) in base 8?
2674
-1212 (base 7) to base 5
-3300
What is 46571 (base 9) in base 10?
31087
Convert -c1c7 (base 15) to base 5.
-2302122
What is -112112 (base 3) in base 8?
-610
What is -469f (base 16) in base 7?
-103465
Convert 166041 (base 7) to base 12.
17330
1318 (base 9) to base 5
12424
Convert -166b (base 15) to base 14.
-1a8a
381 (base 13) to base 15
2ac
cb42 (base 14) to base 7
204312
1789 (base 12) to base 2
101100011001
What is 143024 (base 5) in base 11?
4578
What is 102133 (base 5) in base 15?
102d
Convert -10102032 (base 4) to base 5.
-1030200
What is -1209 (base 12) in base 13?
-bca
Convert 4420 (base 6) to base 15.
480
Convert -10101000 (base 2) to base 8.
-250
What is 10120020 (base 3) in base 2?
101000100110
What is 999 (base 11) in base 14?
617
Convert 20a (base 14) to base 15.
1bc
Convert -1111001011 (base 2) to base 6.
-4255
20013 (base 5) to base 7
3445
Convert -1021100 (base 3) to base 4.
-32133
Convert 143110 (base 6) to base 16.
3552
Convert 1016 (base 7) to base 16.
164
-152435 (base 6) to base 12
-871b
What is 10144 (base 5) in base 13?
3cb
What is -58f9 (base 16) in base 5?
-1212102
Convert 110 (base 8) to base 2.
1001000
-145422 (base 8) to base 10
-51986
What is 201210202 (base 3) in base 7?
60044
What is 61 (base 8) in base 7?
100
Convert 479 (base 14) to base 12.
623
Convert 1608 (base 10) to base 5.
22413
What is 3386 (base 9) in base 16?
9cc
-2030030 (base 4) to base 5
-241342
24013 (base 5) to base 10
1758
2000103 (base 4) to base 12
4903
What is -13210 (base 5) in base 8?
-2037
269 (base 13) to base 10
425
What is 1031310 (base 4) in base 11?
3818
Convert 61a6 (base 12) to base 16.
298e
What is 41c (base 16) in base 4?
100130
1210020 (base 3) to base 4
110112
What is -a7a (base 12) in base 16?
-5fe
What is 81 (base 15) in base 12?
a1
11317 (base 9) to base 12
4451
Convert 2302 (base 8) to base 10.
1218
-4caa (base 14) to base 13
-619a
1022 (base 5) to base 13
a7
Convert -4214 (base 10) to base 16.
-1076
Convert -10120 (base 3) to base 9.
-116
21200202 (base 3) to base 9
7622
Convert 25923 (base 11) to base 3.
1212211021
Convert 1121200001 (base 3) to base 4.
13301122
-317 (base 12) to base 13
-289
What is -aa9 (base 13) in base 10?
-1829
What is -1b67 (base 13) in base 11?
-3125
What is -3426 (base 7) in base 12?
-879
What is 265 (base 16) in base 4?
21211
Convert 13132 (base 6) to base 9.
2662
What is -7885 (base 9) in base 10?
-5828
What is -207 (base 9) in base 6?
-441
Convert -244 (base 9) to base 4.
-3022
2210 (base 9) to base 16
65d
Convert -12120011 (base 3) to base 4.
-333112
Convert b94 (base 15) to base 5.
40424
What is 202342 (base 6) in base 8?
37366
404 (base 9) to base 16
148
What is -3411 (base 5) in base 4?
-13201
Convert 15764 (base 10) to base 16.
3d94
-5819 (base 10) to base 6
-42535
What is -58c (base 13) in base 5?
-12321
What is -990a (base 13) in base 7?
-116053
What is 332 (base 11) in base 16?
18e
27883 (base 9) to base 15
5933
-105 (base 12) to base 5
-1044
What is 3a (base 13) in base 10?
49
Convert 30433 (base 5) to base 7.
5545
What is 1565 (base 12) in base 3?
10110112
What is 1113 (base 11) in base 13?
88a
-3282 (base 14) to base 6
-104242
What is -1516 (base 7) in base 9?
-737
2c68 (base 13) to base 15
1ddd
Convert 2681 (base 11) to base 8.
6625
-1255 (base 7) to base 9
-584
1134 (base 11) to base 6
10521
What is 135013 (base 8) in base 12?
2368b
Convert 293a (base 14) to base 11.
5540
-4c22 (base 15) to base 13
-7508
-1001121 (base 3) to base 9
-1047
What is 353240 (base 7) in base 5?
4013311
-2b478 (base 13) to base 4
-110002100
-1807 (base 12) to base 8
-5507
Convert 10101010111010 (base 2) to base 10.
10938
-761 (base 14) to base 2
-10110110001
Convert 11115 (base 9) to base 15.
22c5
-101221010 (base 3) to base 6
-100520
What is -340434 (base 6) in base 14?
-a646
Convert -1102211212 (base 3) to base 14.
-a46b
Convert -10013 (base 7) to base 4.
-211223
a392 (base 15) to base 8
103402
What is 899 (base 14) in base 12?
b9b
-1020021 (base 3) to base 2
-1110000010
What is 11110011101 (base 2) in base 8?
3635
-2204 (base 8) to base 10
-1156
Convert -138 (base 12) to base 15.
-c8
Convert -100110000010 (base 2) to base 10.
-2434
-111100000110 (base 2) to base 12
-2286
What is 455 (base 6) in base 13?
10a
30221 (base 6) to base 13
1a68
Convert -11010110 (base 2) to base 4.
-3112
Convert 3201 (base 7) to base 2.
10001101000
-c57 (base 15) to base 2
-101011011110
What is 85 (base 10) in base 12?
71
Convert 2073 (base 11) to base 10.
2742
Convert 204133 (base 6) to base 8.
40131
-b79 (base 16) to base 13
-144c
-479 (base 13) to base 6
-3332
14123 (base 5) to base 4
102023
Convert 204425 (base 8) to base 6.
1242101
Convert -3520 (base 6) to base 11.
-6a4
What is -3986 (base 11) in base 12?
-2bb4
Convert -43224 (base 7) to base 11.
-8092
What is -230 (base 7) in base 3?
-11102
Convert 13c (base 16) to base 14.
188
What is 117617 (base 8) in base 6?
513035
What is 230 (base 16) in base 3?
202202
What is 41102 (base 5) in base 16?
a5c
-33003 (base 6) to base 12
-2763
What is 160 (base 12) in base 10?
216
What is -44c (base 13) in base 9?
-1012
Convert -11030103 (base 4) to base 6.
-242243
What is -1061 (base 7) in base 8?
-602
-213200 (base 5) to base 9
-11011
Convert 83bd (base 15) to base 8.
66315
What is 2b57 (base 16) in base 5?
323340
Convert 2361 (base 14) to base 5.
144121
6b55 (base 15) to base 8
54425
What is -1212212 (base 3) in base 12?
-965
What is 1a3d (base 14) in base 5?
123014
Convert 2200 (base 9) to base 8.
3124
-2423 (base 9) to base 15
-803
Convert -21102120 (base 3) to base 2.
-1010100100111
What is 167a (base 14) in base 13?
1aab
What is -123bb (base 12) in base 11?
-17676
Convert -3a9d (base 14) to base 3.
-112011122
26b (base 14) to base 12
347
-4c69 (base 13) to base 9
-15854
Convert b30 (base 12) to base 6.
11300
-6b7e (base 15) to base 14
-847a
What is -2346 (base 8) in base 3?
-1201110
-3032 (base 4) to base 3
-21122
What is -304b (base 13) in base 10?
-6654
-53404 (base 6) to base 7
-30133
What is 55045 (base 6) in base 3?
101102002
What is 11010000011100 (base 2) in base 13?
60c2
Convert -10072 (base 10) to base 8.
-23530
24738 (base 11) to base 5
2113434
1f1 (base 16) to base 13
2c3
Convert 110010110 (base 2) to base 5.
3111
What is 20240 (base 14) in base 15?
17d70
-214441 (base 5) to base 2
-1110101001000
Convert -210203 (base 4) to base 13.
-10ac
What is 622 (base 12) in base 8?
1572
978 (base 13) to base 7
4503
18c0 (base 15) to base 10
5355
Convert 405 (base 11) to base 10.
489
-51060 (base 8) to base 5
-113313